- 46 + 14, 5*o = -4*d + 67. Let z = -41 + o. Is (34/(-6))/(2/z) prime?
False
Suppose -5*u + 32 + 33 = 0. Let d = 23 - u. Is d composite?
True
Let o = 106 - -117. Is o a composite number?
False
Let d = 1655 + 1428. Is d prime?
True
Let t = -574 + -517. Let p = -702 - t. Is p prime?
True
Let l be 59/((-39)/12 + 3). Let c be -1 + 3 + l/(-4). Suppose -y + 167 = 2*k + k, 0 = -k - 3*y + c. Is k prime?
False
Let q(h) = h + 4. Let u be q(-6). Is 4/(-6)*69/u a prime number?
True
Suppose -5*f = 4*o + 2, -5*f - 11 = -1. Let u(y) = y**2 + 3*y + 2. Let a be u(-2). Is 4*3 + (o - a) a composite number?
True
Suppose 3*q - 259 = -h - 4*h, -243 = -3*q + 3*h. Is q a composite number?
False
Let o(k) = k**3 + 5*k**2 - 20*k + 5. Is o(8) a composite number?
False
Is (-1 + 2)/((-2860)/716 - -4) prime?
True
Suppose -22 = -4*u + 2*u - 4*t, -4*u + 5*t = 21. Let l(n) = -1 - 3*n + 2*n + 2*n + 47*n**3. Is l(u) a composite number?
False
Let v = -36 - -4. Let u = v - -55. Is u prime?
True
Let p(a) = a**2 + 4*a - 12. Let l be p(-12). Let i = l - -5. Is i composite?
False
Let q(b) = 5*b**2 + 5*b + 7. Is q(-3) prime?
True
Let n = -1 - -6. Suppose 2*a + n + 1 = 0. Let b(g) = -3*g**3 + g - 1. Is b(a) a composite number?
True
Suppose -4*s - 2*t = -520, 4*s - 6*t + 3*t - 530 = 0. Is s a composite number?
False
Suppose 3*o = -12 - 0. Let b = 3 - o. Is b prime?
True
Suppose s + 2 = -u - 0, 3*s + 2*u + 1 = 0. Suppose z - 2*z + 27 = 4*w, -s*z + 25 = 5*w. Is (-2070)/(-8) - (-2)/w composite?
True
Let r = -18 + 23. Suppose -r*u + 796 = 2*c, c + 0*c = -2*u + 319. Is u a prime number?
False
Let k(n) = 9*n**2 + n + 3. Is k(-5) prime?
True
Is 127*(4 - (-1 - -4)) composite?
False
Let o(k) = -k**2 - 35*k - 32. Is o(-33) a prime number?
False
Let d(i) = 2*i - 24. Is d(17) a composite number?
True
Suppose 9 + 0 = 3*d. Suppose -r + 887 = 5*m, -3*m - d*r - 171 = -4*m. Is (m/(-6))/(2/(-4)) a composite number?
False
Suppose k = 4517 - 1698. Is k prime?
True
Let k(q) = -106*q**3 - 3*q**2 - 2*q + 1. Is k(-1) composite?
True
Suppose -4*y - 2300 = -4*x, -5*y = 5*x + 198 - 3053. Is x composite?
True
Suppose -3*i = i + 488. Let d = 61 - i. Is d composite?
True
Is 6717/6 - (-3)/(-6) a composite number?
True
Suppose 5*j = 3*j + 170. Is j composite?
True
Let i be 16/(-6)*(0 - -198). Let k = -207 - i. Is k a prime number?
False
Suppose a + 41 = 5*s, 9 - 47 = a - 4*s. Is (-4970)/a + (-10)/65 composite?
False
Suppose 9*t - 4*t + 1625 = 0. Let y = 6 - t. Is y prime?
True
Suppose 4*p = p + 45. Suppose h = -4, -4*d + 2537 = -3*h - p. Is d a composite number?
True
Let j = -78 + 115. Is j a prime number?
True
Let w be 4/10 - (-13)/5. Let j(g) = g**3 - 3*g**2 + 2*g - 1. Let a be j(w). Suppose -4*z = -u - a, 1 + 5 = 2*z. Is u prime?
True
Suppose -6*x = -2*x - 1052. Is x prime?
True
Let q(m) = 2*m**2 - 11*m + 14. Is q(9) a prime number?
False
Suppose -2*p = 10, -2*t + p = -3*p - 26. Let l(r) = -3*r**2 - 12*r + 8. Let y(w) = 4*w**2 + 12*w - 7. Let u(s) = t*l(s) + 2*y(s). Is u(-9) prime?
True
Suppose -4*a + 0*a = -4*y - 116, y = 4. Let s = a + 50. Is s a composite number?
False
Let r be (-174)/(-45) - (-8)/60. Suppose r*d - 7*d = -489. Is d a prime number?
True
Suppose 1657 = 16*p - 5847. Is p composite?
True
Let t(x) = -3*x**3 + 2*x**2 - x + 4. Let g be t(-3). Is 0/(-2) - g/(-2) prime?
True
Suppose -o + 4*l + 1243 = 0, -3*o + 4*l - 1267 = -4*o. Is o a prime number?
False
Let d(c) = c**2 - c - 4. Let p be d(-3). Let l = 23 - p. Is l composite?
True
Let q be (24/10)/((-12)/(-30)). Is -29*-1*q/3 a composite number?
True
Let z(h) = -h**3 + 5*h**2 - 6*h + 6. Let w be z(4). Let l(v) = -v**2. Let q(r) = -3*r**2 - 5*r - 2. Let j(k) = w*l(k) + q(k). Is j(-2) composite?
True
Suppose -28*s = -27*s - 217. Is s prime?
False
Suppose -1 = 5*u + 9. Let f = 2 + u. Suppose -2*l - 2*l = -i - 38, -5*l - 3*i + 56 = f. Is l composite?
True
Suppose -156 = -3*i + 5*q, -5*i - 57 + 330 = -4*q. Let b be (i - -1)*(-5)/2. Let l = -90 - b. Is l a composite number?
True
Let d = 0 - -2. Let k(v) = 7*v**2 + d*v - v**2 + 9 - 4*v**2. Is k(-6) composite?
True
Let g = -10 + 14. Suppose -120 = -4*f + 2*x, 0*x - 147 = -5*f + g*x. Is f composite?
False
Is ((-2)/6)/(1/(-1839)) composite?
False
Suppose -2*s + 1542 = 4*s. Is s a prime number?
True
Suppose -10 = -5*t, 0*s - 3*t - 292 = -2*s. Is s composite?
False
Let f(s) = s**3 - 12*s**2 + 14*s + 2. Is f(11) composite?
True
Let y be 3/(-2*6/88). Let r(j) = -4*j + 4. Let s be r(-8). Let v = y + s. Is v a prime number?
False
Suppose -3*h + 6 = -87. Let s be -1*h - (-1 + 0). Is s*(-1)/(-2)*-1 a prime number?
False
Let i = 2359 - 1668. Is i a composite number?
False
Let s = 736 - 443. Is s prime?
True
Let x be (24/(-10))/(2/(-5)). Suppose l - 2*q + 391 = x*l, 247 = 3*l - 5*q. Is l a prime number?
True
Let p = 1 - 4. Let w be (-2)/p + 42/18. Suppose -w*u + 62 = -u. Is u prime?
True
Suppose 4*n + p = 8399, -10973 = -5*n - 4*p - 488. Is n prime?
False
Let n be (1 + -1 - 0)*-1. Let z(c) = n + c + 0. Is z(7) composite?
False
Let n = -394 - -585. Is n a composite number?
False
Let l be 4/12 - 88/3. Let x = l + 106. Suppose 2*r + 5*k = 134, 0 = r + 5*k - 0*k - x. Is r prime?
False
Let i(b) = 27*b + 1. Let s be 16/6 - (-4)/(-6). Is i(s) a prime number?
False
Suppose 0 = -4*c + 2*c + r + 1778, 0 = 2*r. Is c a prime number?
False
Let w = 376 - 262. Let o be (w/(-5))/((-1)/5). Let d = o + -47. Is d a composite number?
False
Let n(z) = z**3 + z**2 + 16. Let v be n(0). Let g(u) = u**2 - 17*u + 23. Is g(v) prime?
True
Let v = 3 + -2. Let w(u) = 3*u**2 - 2*u + 1. Let h be w(v). Suppose 0*p = h*p - 3*m - 32, p = -4*m + 38. Is p composite?
True
Suppose 5*v - 1508 = -4*w, -5*v + 1231 = -v - 5*w. Suppose -3*c = -4*f - 221, -v = -4*c - 2*f + 5*f. Is c prime?
True
Let t(n) = 3 + 13 + 9*n - 10*n. Is t(9) composite?
False
Let h = 6 + -2. Suppose h*s - 52 = -0*s. Is s composite?
False
Let z(t) = -t**2 + 6*t + 3. Let n be z(6). Suppose -n*h = h + 28. Let k(o) = -5*o + 2. Is k(h) composite?
False
Suppose 3*p = 1701 + 1506. Is p composite?
False
Let y = 1130 - 339. Is y a prime number?
False
Let k be (-4)/10 - 26/10. Let t = 0 - k. Suppose -4*d + 152 = 2*j, t*j = 5*d + 2*j - 183. Is d composite?
False
Let t(x) = 6*x**2 + x + 2458. Is t(0) prime?
False
Let j(v) = 41*v**2 - 4*v + 4. Is j(-5) a composite number?
False
Is (10/5)/2 - 10368/(-3) a prime number?
True
Let u(m) = 86*m + 23. Is u(29) prime?
False
Suppose 5*b - 3*w + 20 = -8*w, b + 2*w = -8. Suppose b*a - a + 1055 = 0. Suppose -2*i = 3*i - a. Is i composite?
False
Let z = 455 - 244. Is z prime?
True
Let q(r) = r + 11. Let i be q(-9). Suppose -i*j + j = 0. Suppose j*u - 235 = -5*u. Is u prime?
True
Suppose -s = 2*s - 15. Let g(k) = k**3 - 5*k**2 + 3*k + 6. Let m be g(s). Let c = m + -2. Is c a prime number?
True
Let o be 8/3*(-6507)/(-18). Suppose -5*k - 29 = -o. Is k prime?
False
Let o(l) = -5*l**3 + l + 1. Is o(-7) a prime number?
True
Suppose -231 - 374 = -5*n. Is n composite?
True
Is (-1 + -16)/((-3)/33) composite?
True
Let d(t) = t - 3. Let x(n) = n + 1. Let s be x(-1). Let y be d(s). Is (-1)/y - (-798)/9 composite?
False
Let l = 215 - 6. Is l prime?
False
Let b(l) = -2*l + 223. Is b(0) composite?
False
Suppose 3*y + 4*z = -108, -y + 20 = -2*y + 4*z. Suppose -2*k - 9 - 18 = 3*h, 3*h - 27 = k. Is y/k - 4/(-18) prime?
True
Suppose 3*m - m = 330. Suppose q = 4*q - 195. Suppose 4*o - m + q = 0. Is o a composite number?
True
Suppose 3*b + 15 = 0, -14*s + 16*s - 4*b - 702 = 0. Is s prime?
False
Let c = -4 + 0. Is (-1)/c - 315/(-4) composite?
False
Suppose 4*s = l + 9, 3*l - 5 + 0 = -4*s. Suppose -s*j + 5*j = 633. Is j a composite number?
False
Let z = 45 - -32. Is z prime?
False
Let x = -1 + 6. Let d(v) = 17*v + 2. Let n be d(x). Suppose 0 = 5*q - 4*k - n, 4*k - 103 = 4*q - 9*q. Is q a composite number?
False
Let w = 9 + 6. Suppose u = w - 7. Let g(r) = r**3 - 7*r**2 + 6*r + 7. Is g(u) a composite number?
True
Let p = -28 + 167. Is p a composite number?
False
Let a(d) = -2*d + 5. Let s be a(6). Let c(z) = -z**3 - 9 - 3*z + 0*z - 4*z**2 + 4*z. Is c(s) a prime number?
True
Let a(h) = 0*h**3 + 0 + h**3 + 5*h**2 - 8*h - 6. Suppose 4*c + 2 = -22. Is a(c) a composite number?
True
Let w = 988 - 695. Suppose h = 5*l - w, -3*l + 5*h + 126 = -41. Is l prime?
True
Is 0 - 1*-1418 - (-3)/(-3) a pr